the prime factors of 1811.
1811
What are the prime factors of 577?
577
What are the prime factors of 74553?
3, 24851
List the prime factors of 13487.
13487
List the prime factors of 580.
2, 5, 29
List the prime factors of 24171.
3, 7, 1151
List the prime factors of 31769.
31769
List the prime factors of 9896.
2, 1237
What are the prime factors of 2898?
2, 3, 7, 23
List the prime factors of 221.
13, 17
What are the prime factors of 642?
2, 3, 107
What are the prime factors of 26505?
3, 5, 19, 31
List the prime factors of 58987.
61, 967
What are the prime factors of 810?
2, 3, 5
What are the prime factors of 16571?
73, 227
What are the prime factors of 1553?
1553
List the prime factors of 4219.
4219
List the prime factors of 919.
919
List the prime factors of 41880.
2, 3, 5, 349
List the prime factors of 2556.
2, 3, 71
What are the prime factors of 3326?
2, 1663
List the prime factors of 7095.
3, 5, 11, 43
What are the prime factors of 97379?
97379
What are the prime factors of 910?
2, 5, 7, 13
What are the prime factors of 8342?
2, 43, 97
What are the prime factors of 10192?
2, 7, 13
List the prime factors of 4989.
3, 1663
What are the prime factors of 1204?
2, 7, 43
List the prime factors of 1622.
2, 811
What are the prime factors of 47?
47
What are the prime factors of 3856?
2, 241
List the prime factors of 10195.
5, 2039
What are the prime factors of 68518?
2, 34259
What are the prime factors of 898?
2, 449
What are the prime factors of 6678?
2, 3, 7, 53
List the prime factors of 113441.
17, 6673
List the prime factors of 28484.
2, 7121
What are the prime factors of 17517?
3, 5839
List the prime factors of 31297.
7, 17, 263
List the prime factors of 174.
2, 3, 29
List the prime factors of 37465.
5, 59, 127
List the prime factors of 56966.
2, 7, 13, 313
What are the prime factors of 2322?
2, 3, 43
List the prime factors of 956.
2, 239
What are the prime factors of 7998?
2, 3, 31, 43
List the prime factors of 21661.
21661
List the prime factors of 121113.
3, 13457
List the prime factors of 391.
17, 23
What are the prime factors of 10008?
2, 3, 139
List the prime factors of 7942.
2, 11, 19
What are the prime factors of 4801?
4801
List the prime factors of 34847.
34847
What are the prime factors of 21511?
7, 439
List the prime factors of 4564.
2, 7, 163
What are the prime factors of 16207?
19, 853
What are the prime factors of 904?
2, 113
List the prime factors of 13550.
2, 5, 271
What are the prime factors of 4740?
2, 3, 5, 79
What are the prime factors of 3070?
2, 5, 307
What are the prime factors of 35056?
2, 7, 313
What are the prime factors of 12106?
2, 6053
List the prime factors of 5373.
3, 199
What are the prime factors of 11866?
2, 17, 349
List the prime factors of 5620.
2, 5, 281
List the prime factors of 3133.
13, 241
List the prime factors of 22000.
2, 5, 11
What are the prime factors of 49995?
3, 5, 11, 101
List the prime factors of 206.
2, 103
What are the prime factors of 2241?
3, 83
What are the prime factors of 428?
2, 107
What are the prime factors of 16800?
2, 3, 5, 7
List the prime factors of 38589.
3, 19, 677
What are the prime factors of 613?
613
What are the prime factors of 21062?
2, 10531
What are the prime factors of 66226?
2, 33113
What are the prime factors of 787?
787
What are the prime factors of 16955?
5, 3391
List the prime factors of 24306.
2, 3, 4051
List the prime factors of 41686.
2, 19, 1097
List the prime factors of 896.
2, 7
List the prime factors of 60965.
5, 89, 137
What are the prime factors of 14073?
3, 4691
What are the prime factors of 21?
3, 7
What are the prime factors of 20933?
11, 173
What are the prime factors of 34359?
3, 13, 881
List the prime factors of 40998.
2, 3, 6833
What are the prime factors of 100446?
2, 3, 16741
What are the prime factors of 2844?
2, 3, 79
What are the prime factors of 2340?
2, 3, 5, 13
What are the prime factors of 25623?
3, 13, 73
What are the prime factors of 2264?
2, 283
List the prime factors of 4076.
2, 1019
List the prime factors of 25949.
7, 11, 337
What are the prime factors of 943?
23, 41
List the prime factors of 2457.
3, 7, 13
What are the prime factors of 27660?
2, 3, 5, 461
What are the prime factors of 5627?
17, 331
List the prime factors of 19728.
2, 3, 137
What are the prime factors of 4076?
2, 1019
List the prime factors of 74.
2, 37
List the prime factors of 52561.
52561
List the prime factors of 172.
2, 43
List the prime factors of 3653.
13, 281
List the prime factors of 86954.
2, 7, 6211
What are the prime factors of 292?
2, 73
List the prime factors of 82868.
2, 20717
List the prime factors of 124325.
5, 4973
What are the prime factors of 3796?
2, 13, 73
What are the prime factors of 6882?
2, 3, 31, 37
List the prime factors of 592.
2, 37
What are the prime factors of 205?
5, 41
List the prime factors of 1844.
2, 461
List the prime factors of 107621.
107621
List the prime factors of 48068.
2, 61, 197
What are the prime factors of 2322?
2, 3, 43
What are the prime factors of 1994?
2, 997
What are the prime factors of 995?
5, 199
List the prime factors of 5145.
3, 5, 7
List the prime factors of 188.
2, 47
What are the prime factors of 42912?
2, 3, 149
What are the prime factors of 2275?
5, 7, 13
What are the prime factors of 324?
2, 3
List the prime factors of 995.
5, 199
What are the prime factors of 69727?
7, 1423
What are the prime factors of 601?
601
List the prime factors of 2717.
11, 13, 19
List the prime factors of 56819.
7, 8117
List the prime factors of 5154.
2, 3, 859
List the prime factors of 41034.
2, 3, 7, 977
What are the prime factors of 8850?
2, 3, 5, 59
What are the prime factors of 4405?
5, 881
What are the prime factors of 10293?
3, 47, 73
List the prime factors of 1182.
2, 3, 197
List the prime factors of 2242.
2, 19, 59
What are the prime factors of 16134?
2, 3, 2689
What are the prime factors of 3425?
5, 137
What are the prime factors of 25164?
2, 3, 233
What are the prime factors of 94958?
2, 79, 601
List the prime factors of 6773.
13, 521
What are the prime factors of 2061?
3, 229
List the prime factors of 7284.
2, 3, 607
List the prime factors of 6872.
2, 859
What are the prime factors of 664?
2, 83
What are the prime factors of 558?
2, 3, 31
What are the prime factors of 1168?
2, 73
What are the prime factors of 32648?
2, 7, 11, 53
List the prime factors of 1351.
7, 193
List the prime factors of 1933.
1933
What are the prime factors of 711?
3, 79
List the prime factors of 21846.
2, 3, 11, 331
What are the prime factors of 1910?
2, 5, 191
What are the prime factors of 6923?
7, 23, 43
List the prime factors of 12601.
12601
List the prime factors of 1282.
2, 641
List the prime factors of 11850.
2, 3, 5, 79
List the prime factors of 1216.
2, 19
What are the prime factors of 5417?
5417
List the prime factors of 2053.
2053
List the prime factors of 59149.
59149
What are the prime factors of 47500?
2, 5, 19
List the prime factors of 161.
7, 23
List the prime factors of 1469.
13, 113
List the prime factors of 80080.
2, 5, 7, 11, 13
What are the prime factors of 15793?
17, 929
What are the prime factors of 4406?
2, 2203
List the prime factors of 165.
3, 5, 11
List the prime factors of 1956.
2, 3, 163
What are the prime factors of 21661?
21661
What are the prime factors of 39319?
7, 41, 137
List the prime factors of 10572.
2, 3, 881
What are the prime factors of 32544?
2, 3, 113
List the prime factors of 5304.
2, 3, 13, 17
List the prime factors of 1018.
2, 509
What are the prime factors of 23984?
2, 1499
What are the prime factors of 13373?
43, 311
List the prime factors of 128132.
2, 103, 311
List the prime factors of 90193.
19, 47, 101
What are the prime factors of 3379?
31, 109
What are the prime factors of 61294?
2, 19, 1613
What are the prime factors of 28735?
5, 7, 821
What are the prime factors of 19469?
19469
What are the prime factors of 16042?
2, 13, 617
List the prime factors of 20383.
11, 17, 109
What are the prime factors of 87103?
87103
What are the prime factors of 33721?
33721
What are the prime factors of 6645?
3, 5, 443
List the prime factors of 112813.
37, 3049
What are the prime factors of 1764?
2, 3, 7
What are the prime factors of 9244?
2, 2311
What are the prime factors of 3121?
3121
What are the prime fa